{"id":27,"date":"2023-01-11T13:59:50","date_gmt":"2023-01-11T13:59:50","guid":{"rendered":"https:\/\/direct.app.br\/?page_id=27"},"modified":"2023-01-11T19:09:26","modified_gmt":"2023-01-11T22:09:26","slug":"servicos","status":"publish","type":"page","link":"https:\/\/direct.app.br\/?page_id=27","title":{"rendered":"Servi\u00e7os"},"content":{"rendered":"\n<p><strong>Solu\u00e7\u00f5es Baseadas em Protocolos Inteligentes<\/strong><\/p>\n\n\n\n<p>Software de automa\u00e7\u00e3o inteligente de processos, que permite o processamento gerenciamento e movimenta\u00e7\u00e3o de protocolos inteligentes para automa\u00e7\u00e3o de decis\u00f5es, rastreabilidade e controle de processos operacionais, auxiliando a opera\u00e7\u00e3o com informa\u00e7\u00f5es e imagens em tempo real.<\/p>\n\n\n\n<p>Os objetivos da solu\u00e7\u00e3o s\u00e3o:<\/p>\n\n\n\n<ul>\n<li>Customiza\u00e7\u00e3o das solu\u00e7\u00f5es em fun\u00e7\u00e3o da demanda do \u00d3rg\u00e3o Gestor.<\/li>\n<\/ul>\n\n\n\n<ul>\n<li>Protocolos desenvolvidos de forma exclusiva a opera\u00e7\u00e3o em quest\u00e3o.<\/li>\n<\/ul>\n\n\n\n<ul>\n<li>Inteira\u00e7\u00e3o entre os diversos \u00f3rg\u00e3o p\u00fablicos.<\/li>\n<\/ul>\n\n\n\n<ul>\n<li>Visualiza\u00e7\u00e3o das imagens no dispositivo m\u00f3vel.<\/li>\n<\/ul>\n\n\n\n<ul>\n<li>Sistema informatizado m\u00f3vel e interativo.<\/li>\n<\/ul>\n\n\n\n<ul>\n<li>Monitoramento do efetivo em tempo real.<\/li>\n<\/ul>\n\n\n\n<ul>\n<li>Mapeamento de ocorr\u00eancias, ordens de servi\u00e7os, viaturas, ambul\u00e2ncias, operadores, dispositivos.<\/li>\n<\/ul>\n\n\n\n<ul>\n<li>Possibilidade de impress\u00e3o de laudos e Boletins no local, atrav\u00e9s de dispositivos m\u00f3veis.<\/li>\n<\/ul>\n\n\n\n<ul>\n<li>Integra\u00e7\u00e3o total com o sistema central de controle.<\/li>\n<\/ul>\n\n\n\n<ul>\n<li>Envio de indicadores autom\u00e1ticos e em tempo real.<\/li>\n<\/ul>\n\n\n\n<p>&nbsp;Planejamento, controle e an\u00e1lise dos resultados. Somado ao sistema de monitoramento, propomos uma gest\u00e3o operacional com intelig\u00eancia autom\u00e1tica de processos voltados para gest\u00e3o p\u00fablica, baseado em protocolos programados que uma vez implantados, otimizam e aceleram a intera\u00e7\u00e3o humana controlando a opera\u00e7\u00e3o com alta efici\u00eancia.<\/p>\n","protected":false},"excerpt":{"rendered":"<p>Solu\u00e7\u00f5es Baseadas em Protocolos Inteligentes Software de automa\u00e7\u00e3o inteligente de processos, que permite o processamento gerenciamento e movimenta\u00e7\u00e3o de protocolos inteligentes para automa\u00e7\u00e3o de decis\u00f5es, rastreabilidade e controle de processos operacionais, auxiliando a opera\u00e7\u00e3o com informa\u00e7\u00f5es e imagens em tempo real. Os objetivos da solu\u00e7\u00e3o s\u00e3o: &nbsp;Planejamento, controle e an\u00e1lise dos resultados. Somado ao sistema&hellip;<\/p>\n<p class=\"more-link\"><a href=\"https:\/\/direct.app.br\/?page_id=27\" class=\"themebutton2\">Read More<\/a><\/p>\n","protected":false},"author":1,"featured_media":0,"parent":0,"menu_order":0,"comment_status":"closed","ping_status":"closed","template":"","meta":[],"_links":{"self":[{"href":"https:\/\/direct.app.br\/index.php?rest_route=\/wp\/v2\/pages\/27"}],"collection":[{"href":"https:\/\/direct.app.br\/index.php?rest_route=\/wp\/v2\/pages"}],"about":[{"href":"https:\/\/direct.app.br\/index.php?rest_route=\/wp\/v2\/types\/page"}],"author":[{"embeddable":true,"href":"https:\/\/direct.app.br\/index.php?rest_route=\/wp\/v2\/users\/1"}],"replies":[{"embeddable":true,"href":"https:\/\/direct.app.br\/index.php?rest_route=%2Fwp%2Fv2%2Fcomments&post=27"}],"version-history":[{"count":3,"href":"https:\/\/direct.app.br\/index.php?rest_route=\/wp\/v2\/pages\/27\/revisions"}],"predecessor-version":[{"id":56,"href":"https:\/\/direct.app.br\/index.php?rest_route=\/wp\/v2\/pages\/27\/revisions\/56"}],"wp:attachment":[{"href":"https:\/\/direct.app.br\/index.php?rest_route=%2Fwp%2Fv2%2Fmedia&parent=27"}],"curies":[{"name":"wp","href":"https:\/\/api.w.org\/{rel}","templated":true}]}}